{"id":1465,"date":"2023-12-08T16:11:22","date_gmt":"2023-12-08T15:11:22","guid":{"rendered":"https:\/\/asgard-international.com\/?page_id=1465"},"modified":"2023-12-08T16:12:59","modified_gmt":"2023-12-08T15:12:59","slug":"fabrication-de-poincons-et-de-moules","status":"publish","type":"page","link":"https:\/\/asgard-international.com\/index.php\/fabrication-de-poincons-et-de-moules\/","title":{"rendered":"FABRICATION DE POIN\u00c7ONS ET DE MOULES"},"content":{"rendered":"<div data-colibri-id=\"1465-c1\" class=\"style-1225 style-local-1465-c1 position-relative\">\n  <!---->\n  <div data-colibri-component=\"section\" data-colibri-id=\"1465-c2\" id=\"about\" class=\"h-section h-section-global-spacing d-flex align-items-lg-center align-items-md-center align-items-center style-1226 style-local-1465-c2 position-relative\">\n    <!---->\n    <!---->\n    <div class=\"h-section-grid-container h-section-boxed-container\">\n      <!---->\n      <div data-colibri-id=\"1465-c3\" class=\"h-row-container gutters-row-lg-0 gutters-row-md-0 gutters-row-0 gutters-row-v-lg-0 gutters-row-v-md-0 gutters-row-v-0 style-1227 style-local-1465-c3 position-relative\">\n        <!---->\n        <div class=\"h-row justify-content-lg-center justify-content-md-center justify-content-center align-items-lg-stretch align-items-md-stretch align-items-stretch gutters-col-lg-0 gutters-col-md-0 gutters-col-0 gutters-col-v-lg-0 gutters-col-v-md-0 gutters-col-v-0\">\n          <!---->\n          <div class=\"h-column h-column-container d-flex h-col-lg-auto h-col-md-auto h-col-auto style-1228-outer style-local-1465-c4-outer\">\n            <div data-colibri-id=\"1465-c4\" class=\"d-flex h-flex-basis h-column__inner h-px-lg-0 h-px-md-0 h-px-0 v-inner-lg-0 v-inner-md-0 v-inner-0 style-1228 style-local-1465-c4 position-relative\">\n              <!---->\n              <!---->\n              <div class=\"w-100 h-y-container h-column__content h-column__v-align flex-basis-100 align-self-lg-start align-self-md-start align-self-start\">\n                <!---->\n                <div data-colibri-id=\"1465-c5\" class=\"h-global-transition-all h-heading style-1229 style-local-1465-c5 position-relative h-element\">\n                  <!---->\n                  <div class=\"h-heading__outer style-1229 style-local-1465-c5\">\n                    <!---->\n                    <!---->\n                    <h5 class=\"\">FABRICATION DE POIN\u00c7ONS ET DE MOULES <\/h5>\n                  <\/div>\n                <\/div>\n                <div data-colibri-id=\"1465-c7\" class=\"h-text h-text-component style-1231 style-local-1465-c7 position-relative h-element\">\n                  <!---->\n                  <!---->\n                  <div class=\"\">\n                    <p>ASGARG INTERNATIONAL fabrique sur commande des poin\u00e7ons pour le poin\u00e7onnage \u00e0 froid et des moules. Avec un personnel hautement qualifi\u00e9 et un parc d&rsquo;\u00e9quipements m\u00e9caniques, \u00e9lectro physique et de presse, nous examinons toutes les propositions\n                      de conception et de fabrication de poin\u00e7ons, de moules et d&rsquo;autres outillages technologiques avec une haute qualit\u00e9 et des d\u00e9lais acceptables.<\/p>\n                    <p>ASGARG INTERNATIONAL accepte les commandes pour la fabrication de poin\u00e7ons pesant jusqu&rsquo;\u00e0 200 kg (simples, combin\u00e9s et \u00e0 action s\u00e9quentielle) :<\/p>\n                    <p>&#8211; Poin\u00e7ons de s\u00e9paration (pour d\u00e9couper, trancher, d\u00e9couper, poin\u00e7onner, perforer, entailler)<\/p>\n                    <p>&#8211; Poin\u00e7ons de formage (pour plier et \u00e9tirer)<\/p>\n                    <p>&#8211; Poin\u00e7ons avec carbure c\u00e9ment\u00e9 (7 \u00e0 10 fois plus r\u00e9sistants que les poin\u00e7ons en acier)<\/p>\n                    <p>&#8211; Poin\u00e7ons de s\u00e9paration universelle et ajustable pour le poin\u00e7onnage par \u00e9l\u00e9ment.<\/p>\n                    <p>Nous acceptons \u00e9galement les commandes pour la fabrication de moules (compression, moulage, pour moulage sous pression, pour le pressage direct) pesant jusqu&rsquo;\u00e0 500 kg.<\/p>\n                  <\/div>\n                <\/div>\n              <\/div>\n            <\/div>\n          <\/div>\n          <div class=\"h-column h-column-container d-flex h-col-lg-auto h-col-md-auto h-col-auto style-1232-outer style-local-1465-c8-outer\">\n            <div data-colibri-id=\"1465-c8\" class=\"d-flex h-flex-basis h-column__inner h-ui-empty-state-container h-px-lg-2 h-px-md-2 h-px-2 v-inner-lg-2 v-inner-md-2 v-inner-2 style-1232 style-local-1465-c8 position-relative\">\n              <!---->\n              <!---->\n              <div class=\"w-100 h-y-container h-column__content h-column__v-align flex-basis-100\">\n                <!---->\n              <\/div>\n            <\/div>\n          <\/div>\n        <\/div>\n      <\/div>\n    <\/div>\n  <\/div>\n<\/div>","protected":false},"excerpt":{"rendered":"<p>FABRICATION DE POIN\u00c7ONS ET DE MOULES ASGARG INTERNATIONAL fabrique sur commande des poin\u00e7ons pour le poin\u00e7onnage \u00e0 froid et des moules. Avec un personnel hautement qualifi\u00e9 et un parc d&rsquo;\u00e9quipements m\u00e9caniques, \u00e9lectro physique et de presse, nous examinons toutes les propositions de conception et de fabrication de poin\u00e7ons, de moules et d&rsquo;autres outillages technologiques avec [&hellip;]<\/p>\n","protected":false},"author":1,"featured_media":0,"parent":0,"menu_order":0,"comment_status":"closed","ping_status":"closed","template":"page-templates\/full-width-page.php","meta":{"footnotes":""},"_links":{"self":[{"href":"https:\/\/asgard-international.com\/index.php\/wp-json\/wp\/v2\/pages\/1465"}],"collection":[{"href":"https:\/\/asgard-international.com\/index.php\/wp-json\/wp\/v2\/pages"}],"about":[{"href":"https:\/\/asgard-international.com\/index.php\/wp-json\/wp\/v2\/types\/page"}],"author":[{"embeddable":true,"href":"https:\/\/asgard-international.com\/index.php\/wp-json\/wp\/v2\/users\/1"}],"replies":[{"embeddable":true,"href":"https:\/\/asgard-international.com\/index.php\/wp-json\/wp\/v2\/comments?post=1465"}],"version-history":[{"count":2,"href":"https:\/\/asgard-international.com\/index.php\/wp-json\/wp\/v2\/pages\/1465\/revisions"}],"predecessor-version":[{"id":1471,"href":"https:\/\/asgard-international.com\/index.php\/wp-json\/wp\/v2\/pages\/1465\/revisions\/1471"}],"wp:attachment":[{"href":"https:\/\/asgard-international.com\/index.php\/wp-json\/wp\/v2\/media?parent=1465"}],"curies":[{"name":"wp","href":"https:\/\/api.w.org\/{rel}","templated":true}]}}